the remainder when 55642 is divided by 33.
4
What is the remainder when 3175755 is divided by 58810?
15
What is the remainder when 376799957 is divided by 1180?
1177
Calculate the remainder when 3551736 is divided by 41.
29
What is the remainder when 1336066 is divided by 12257?
53
Calculate the remainder when 7446445 is divided by 29.
28
Calculate the remainder when 2634074 is divided by 1317020.
34
Calculate the remainder when 3102468 is divided by 3215.
3208
Calculate the remainder when 684983 is divided by 643.
188
What is the remainder when 9887802 is divided by 520407?
69
Calculate the remainder when 17823 is divided by 4433.
91
What is the remainder when 258307109 is divided by 161?
158
Calculate the remainder when 1210811 is divided by 642.
641
Calculate the remainder when 163023 is divided by 31.
25
What is the remainder when 40060 is divided by 362?
240
What is the remainder when 532966 is divided by 38047?
308
What is the remainder when 738196 is divided by 368995?
206
What is the remainder when 168018 is divided by 8163?
4758
Calculate the remainder when 13589851 is divided by 756.
751
What is the remainder when 78002 is divided by 2268?
890
Calculate the remainder when 40886 is divided by 6657.
944
What is the remainder when 2697595 is divided by 104?
43
What is the remainder when 198136 is divided by 146?
14
Calculate the remainder when 58096969 is divided by 6293.
6286
Calculate the remainder when 52483 is divided by 16862.
1897
Calculate the remainder when 62791521 is divided by 108.
105
What is the remainder when 33364 is divided by 1515?
34
Calculate the remainder when 31556017 is divided by 1972250.
17
Calculate the remainder when 342138 is divided by 38014.
12
Calculate the remainder when 81095455 is divided by 10.
5
Calculate the remainder when 260268 is divided by 3767.
345
Calculate the remainder when 28096309 is divided by 675.
109
Calculate the remainder when 125093 is divided by 2830.
573
What is the remainder when 619516 is divided by 154757?
488
Calculate the remainder when 879642 is divided by 175917.
57
What is the remainder when 1111500 is divided by 24163?
2
Calculate the remainder when 4657610 is divided by 195.
35
Calculate the remainder when 243988 is divided by 1321.
924
Calculate the remainder when 5247454 is divided by 49.
44
Calculate the remainder when 8201187 is divided by 2733725.
12
What is the remainder when 708853 is divided by 3972?
1837
Calculate the remainder when 59031795 is divided by 4600.
4595
What is the remainder when 127879 is divided by 4806?
2923
What is the remainder when 1186105 is divided by 62411?
296
What is the remainder when 1039985 is divided by 87?
74
What is the remainder when 827158 is divided by 897?
124
What is the remainder when 123103 is divided by 358?
309
What is the remainder when 3074 is divided by 2084?
990
Calculate the remainder when 4807419 is divided by 6479.
1
What is the remainder when 42444 is divided by 10461?
600
Calculate the remainder when 69793 is divided by 17447.
5
What is the remainder when 716810 is divided by 71680?
10
Calculate the remainder when 124645 is divided by 5746.
3979
Calculate the remainder when 161964 is divided by 189.
180
What is the remainder when 313214626 is divided by 169?
166
Calculate the remainder when 495582 is divided by 495556.
26
What is the remainder when 102889 is divided by 2789?
2485
Calculate the remainder when 113202 is divided by 881.
434
Calculate the remainder when 22173 is divided by 6814.
1731
Calculate the remainder when 1957535 is divided by 615.
605
What is the remainder when 9175 is divided by 2149?
579
Calculate the remainder when 41826234 is divided by 734.
712
What is the remainder when 56206176 is divided by 5?
1
Calculate the remainder when 315438 is divided by 3211.
760
Calculate the remainder when 4836925 is divided by 13.
2
What is the remainder when 10677 is divided by 913?
634
What is the remainder when 134536198 is divided by 460?
458
Calculate the remainder when 201630 is divided by 265.
230
Calculate the remainder when 237538787 is divided by 41.
39
What is the remainder when 814389 is divided by 15365?
44
Calculate the remainder when 31668 is divided by 1267.
1260
What is the remainder when 3400592 is divided by 55?
52
Calculate the remainder when 9626754 is divided by 2057.
2051
Calculate the remainder when 1624113 is divided by 1623953.
160
Calculate the remainder when 404053 is divided by 10360.
13
Calculate the remainder when 1101311 is divided by 1165.
386
What is the remainder when 4322699 is divided by 32747?
95
Calculate the remainder when 5405652 is divided by 94.
88
Calculate the remainder when 34538426 is divided by 314.
310
What is the remainder when 8786022 is divided by 211?
193
What is the remainder when 2007654 is divided by 21130?
304
Calculate the remainder when 2463838 is divided by 52422.
4
What is the remainder when 39667 is divided by 889?
551
What is the remainder when 66743011 is divided by 18?
1
Calculate the remainder when 392928 is divided by 124.
96
Calculate the remainder when 73048 is divided by 1180.
1068
What is the remainder when 72946608 is divided by 14203?
0
Calculate the remainder when 1529245 is divided by 46338.
91
Calculate the remainder when 391219 is divided by 195570.
79
Calculate the remainder when 1979185 is divided by 221.
130
What is the remainder when 30343808 is divided by 177449?
29
Calculate the remainder when 15710930 is divided by 3831.
3830
Calculate the remainder when 301314 is divided by 60214.
244
What is the remainder when 13188 is divided by 35?
28
What is the remainder when 18053842 is divided by 20?
2
Calculate the remainder when 161940894 is divided by 386.
384
What is the remainder when 921211 is divided by 16?
11
Calculate the remainder when 4518882 is divided by 4029.
2373
Calculate the remainder when 12739 is divided by 609.
559
What is the remainder when 2537799 is divided by 2799?
1905
Calculate the remainder when 519631 is divided by 2445.
1291
Calculate the remainder when 755011 is divided by 39.
10
Calculate the remainder when 2000964 is divided by 4569.
4311
What is the remainder when 8967042 is divided by 15407?
168
What is the remainder when 121282 is divided by 10067?
478
Calculate the remainder when 448808 is divided by 223705.
1398
Calculate the remainder when 3853735 is divided by 96.
7
What is the remainder when 2107137 is divided by 6886?
21
Calculate the remainder when 54111189 is divided by 26.
15
Calculate the remainder when 1196253 is divided by 70367.
14
What is the remainder when 4989735 is divided by 72?
63
Calculate the remainder when 4881966 is divided by 691.
51
Calculate the remainder when 64354 is divided by 1429.
49
What is the remainder when 4019538 is divided by 309194?
16
What is the remainder when 2158749 is divided by 2412?
9
What is the remainder when 76343 is divided by 1071?
302
What is the remainder when 25796631 is divided by 61?
36
Calculate the remainder when 3011691 is divided by 573.
3
Calculate the remainder when 8365965 is divided by 164.
161
Calculate the remainder when 984358 is divided by 5303.
3303
Calculate the remainder when 10826183 is divided by 74.
57
What is the remainder when 1809684 is divided by 2538?
90
Calculate the remainder when 24357469 is divided by 584.
581
Calculate the remainder when 62239850 is divided by 1348.
1342
What is the remainder when 6483292 is divided by 6483283?
9
What is the remainder when 13663825 is divided by 3680?
3665
What is the remainder when 26584 is divided by 12103?
2378
What is the remainder when 828996 is divided by 1616?
1604
What is the remainder when 176336 is divided by 280?
216
What is the remainder when 218590 is divided by 216?
214
What is the remainder when 4605567 is divided by 18?
15
Calculate the remainder when 178588 is divided by 29751.
82
What is the remainder when 146159 is divided by 1179?
1142
Calculate the remainder when 4524454 is divided by 3055.
3054
Calculate the remainder when 29421525 is divided by 1788.
1773
What is the remainder when 109698099 is divided by 2389?
2386
Calculate the remainder when 4639989 is divided by 171845.
174
What is the remainder when 3285216 is divided by 80127?
9
What is the remainder when 